
3, 11, 751
What are the prime factors of 27884?
2, 6971
What are the prime factors of 4940?
2, 5, 13, 19
What are the prime factors of 21636?
2, 3, 601
What are the prime factors of 6596?
2, 17, 97
List the prime factors of 2025.
3, 5
What are the prime factors of 99160?
2, 5, 37, 67
What are the prime factors of 39694?
2, 89, 223
List the prime factors of 30124.
2, 17, 443
List the prime factors of 44823.
3, 67, 223
What are the prime factors of 19328?
2, 151
List the prime factors of 14955.
3, 5, 997
What are the prime factors of 10033?
79, 127
List the prime factors of 7573.
7573
List the prime factors of 18535.
5, 11, 337
List the prime factors of 11799.
3, 19, 23
List the prime factors of 10317.
3, 19, 181
List the prime factors of 16101.
3, 1789
What are the prime factors of 5078?
2, 2539
List the prime factors of 11261.
11261
What are the prime factors of 15143?
19, 797
List the prime factors of 37481.
37, 1013
What are the prime factors of 27270?
2, 3, 5, 101
List the prime factors of 21319.
21319
List the prime factors of 834.
2, 3, 139
List the prime factors of 1830.
2, 3, 5, 61
What are the prime factors of 1827?
3, 7, 29
What are the prime factors of 115970?
2, 5, 11597
What are the prime factors of 647?
647
What are the prime factors of 11760?
2, 3, 5, 7
List the prime factors of 230.
2, 5, 23
What are the prime factors of 8655?
3, 5, 577
List the prime factors of 1957.
19, 103
List the prime factors of 96779.
96779
What are the prime factors of 51?
3, 17
What are the prime factors of 4761?
3, 23
What are the prime factors of 29016?
2, 3, 13, 31
What are the prime factors of 805?
5, 7, 23
What are the prime factors of 79513?
7, 37, 307
List the prime factors of 1197.
3, 7, 19
List the prime factors of 824.
2, 103
List the prime factors of 4824.
2, 3, 67
What are the prime factors of 1499?
1499
What are the prime factors of 183270?
2, 3, 5, 41, 149
What are the prime factors of 38275?
5, 1531
What are the prime factors of 2473?
2473
What are the prime factors of 978?
2, 3, 163
List the prime factors of 182446.
2, 11, 8293
List the prime factors of 3142.
2, 1571
What are the prime factors of 2854?
2, 1427
What are the prime factors of 19443?
3, 6481
What are the prime factors of 2683?
2683
What are the prime factors of 14734?
2, 53, 139
What are the prime factors of 56632?
2, 7079
What are the prime factors of 1630?
2, 5, 163
What are the prime factors of 89?
89
List the prime factors of 1319.
1319
List the prime factors of 85802.
2, 42901
What are the prime factors of 263?
263
What are the prime factors of 4622?
2, 2311
List the prime factors of 1847.
1847
What are the prime factors of 736?
2, 23
List the prime factors of 636.
2, 3, 53
What are the prime factors of 8182?
2, 4091
List the prime factors of 2364.
2, 3, 197
List the prime factors of 20967.
3, 29, 241
List the prime factors of 3190.
2, 5, 11, 29
List the prime factors of 29599.
29599
List the prime factors of 1758.
2, 3, 293
List the prime factors of 1265.
5, 11, 23
List the prime factors of 48226.
2, 24113
List the prime factors of 9943.
61, 163
What are the prime factors of 51588?
2, 3, 1433
List the prime factors of 834.
2, 3, 139
What are the prime factors of 2227?
17, 131
List the prime factors of 9819.
3, 1091
What are the prime factors of 450?
2, 3, 5
What are the prime factors of 1169?
7, 167
List the prime factors of 830.
2, 5, 83
List the prime factors of 79882.
2, 11, 3631
What are the prime factors of 71208?
2, 3, 23, 43
What are the prime factors of 31243?
157, 199
What are the prime factors of 6501?
3, 11, 197
List the prime factors of 944.
2, 59
What are the prime factors of 979?
11, 89
List the prime factors of 28696.
2, 17, 211
List the prime factors of 7565.
5, 17, 89
What are the prime factors of 14225?
5, 569
What are the prime factors of 744?
2, 3, 31
List the prime factors of 1332.
2, 3, 37
List the prime factors of 3001.
3001
What are the prime factors of 68801?
107, 643
What are the prime factors of 9394?
2, 7, 11, 61
What are the prime factors of 1019?
1019
What are the prime factors of 52086?
2, 3, 8681
List the prime factors of 13.
13
What are the prime factors of 36?
2, 3
What are the prime factors of 1541?
23, 67
What are the prime factors of 1055?
5, 211
List the prime factors of 467.
467
List the prime factors of 1694.
2, 7, 11
List the prime factors of 95411.
73, 1307
What are the prime factors of 115204?
2, 83, 347
List the prime factors of 3113.
11, 283
What are the prime factors of 20063?
20063
List the prime factors of 1012.
2, 11, 23
List the prime factors of 21963.
3, 7321
List the prime factors of 23272.
2, 2909
What are the prime factors of 1849?
43
List the prime factors of 31.
31
What are the prime factors of 57588?
2, 3, 4799
What are the prime factors of 21117?
3, 7039
What are the prime factors of 39855?
3, 5, 2657
What are the prime factors of 104726?
2, 52363
What are the prime factors of 31316?
2, 7829
What are the prime factors of 2101?
11, 191
What are the prime factors of 33278?
2, 7, 2377
List the prime factors of 774.
2, 3, 43
What are the prime factors of 103442?
2, 51721
What are the prime factors of 4042?
2, 43, 47
What are the prime factors of 118544?
2, 31, 239
What are the prime factors of 178068?
2, 3, 11, 19, 71
List the prime factors of 8448.
2, 3, 11
What are the prime factors of 1410?
2, 3, 5, 47
What are the prime factors of 38434?
2, 11, 1747
What are the prime factors of 20058?
2, 3, 3343
What are the prime factors of 142167?
3, 47389
List the prime factors of 7955.
5, 37, 43
List the prime factors of 3635.
5, 727
What are the prime factors of 952?
2, 7, 17
What are the prime factors of 43884?
2, 3, 23, 53
List the prime factors of 463.
463
List the prime factors of 51219.
3, 7, 271
What are the prime factors of 297?
3, 11
What are the prime factors of 29752?
2, 3719
What are the prime factors of 796?
2, 199
List the prime factors of 1173.
3, 17, 23
List the prime factors of 6098.
2, 3049
What are the prime factors of 89291?
29, 3079
What are the prime factors of 1455?
3, 5, 97
List the prime factors of 1371.
3, 457
What are the prime factors of 1549?
1549
List the prime factors of 24611.
24611
What are the prime factors of 27614?
2, 13807
What are the prime factors of 1070?
2, 5, 107
What are the prime factors of 429?
3, 11, 13
What are the prime factors of 61689?
3, 20563
What are the prime factors of 1215?
3, 5
What are the prime factors of 1381?
1381
What are the prime factors of 2053?
2053
What are the prime factors of 1547?
7, 13, 17
List the prime factors of 2110.
2, 5, 211
What are the prime factors of 32608?
2, 1019
List the prime factors of 2553.
3, 23, 37
What are the prime factors of 8739?
3, 971
What are the prime factors of 1158?
2, 3, 193
What are the prime factors of 944?
2, 59
What are the prime factors of 20394?
2, 3, 11, 103
What are the prime factors of 209?
11, 19
List the prime factors of 1887.
3, 17, 37
What are the prime factors of 1067?
11, 97
What are the prime factors of 234?
2, 3, 13
What are the prime factors of 439?
439
List the prime factors of 217.
7, 31
List the prime factors of 7569.
3, 29
What are the prime factors of 7636?
2, 23, 83
List the prime factors of 12744.
2, 3, 59
What are the prime factors of 5728?
2, 179
What are the prime factors of 5181?
3, 11, 157
List the prime factors of 28517.
28517
List the prime factors of 119009.
11, 31, 349
What are the prime factors of 12889?
12889
What are the prime factors of 21154?
2, 7, 1511
List the prime factors of 25578.
2, 3, 7, 29
List the prime factors of 41037.
3, 13679
What are the prime factors of 27772?
2, 53, 131
List the prime factors of 967.
967
List the prime factors of 3344.
2, 11, 19
List the prime factors of 15736.
2, 7, 281
List the prime factors of 985.
5, 197
List the prime factors of 12350.
2, 5, 13, 19
List the prime factors of 1172.
2, 293
List the prime factors of 16633.
16633
List the prime factors of 2598.
2, 3, 433
List the prime factors of 977.
977
What are the prime factors of 4653?
3, 11, 47
List the prime factors of 6213.
3, 19, 109
What are the prime factors of 1791?
3, 199
List the prime factors of 5852.
2, 7, 11, 19
List the prime factors of 72503.
72503
List the prime factors of 3328.
